{"id":863,"date":"2014-06-28T22:02:39","date_gmt":"2014-06-28T21:02:39","guid":{"rendered":"http:\/\/www.ulm-experience.com\/geometrie-aerienne\/"},"modified":"2025-09-14T15:56:36","modified_gmt":"2025-09-14T13:56:36","slug":"geometrie-aerienne","status":"publish","type":"page","link":"https:\/\/www.ulm-experience.com\/?page_id=863","title":{"rendered":"G\u00e9om\u00e9trie a\u00e9rienne"},"content":{"rendered":"<p>Vu d&rsquo;en haut, certaines infrastructures prennent une autre dimensions : je ne pensais pas pouvoir trouver qu&rsquo;un \u00e9changeur autoroutier soit joli &#8230; et pourtant c&rsquo;est le cas.<\/p>\n<p>J&rsquo;adore prendre des photos de paysages plut\u00f4t anodins quand on est au sol mais qui ont une certaine po\u00e9sie depuis l\u00e0-haut.<\/p>\n<p><ul class=\"ngg-breadcrumbs\">\n\t\t\t<li class=\"ngg-breadcrumb\">\n\t\t\t\t\t\t\tPhotos du ciel\t\t\t\t\t\t\t\t<\/li>\n\t<\/ul>[Not a valid template]ngg_shortcode_0_placeholder<\/p>\n\n\n<p><\/p>\n","protected":false},"excerpt":{"rendered":"<p>Vu d&rsquo;en haut, certaines infrastructures prennent une autre dimensions : je ne pensais pas pouvoir trouver qu&rsquo;un \u00e9changeur autoroutier soit<\/p>\n","protected":false},"author":2,"featured_media":0,"parent":802,"menu_order":0,"comment_status":"open","ping_status":"open","template":"","meta":{"colormag_page_layout":"default_layout","ngg_post_thumbnail":0,"footnotes":""},"class_list":["post-863","page","type-page","status-publish","hentry"],"_links":{"self":[{"href":"https:\/\/www.ulm-experience.com\/index.php?rest_route=\/wp\/v2\/pages\/863","targetHints":{"allow":["GET"]}}],"collection":[{"href":"https:\/\/www.ulm-experience.com\/index.php?rest_route=\/wp\/v2\/pages"}],"about":[{"href":"https:\/\/www.ulm-experience.com\/index.php?rest_route=\/wp\/v2\/types\/page"}],"author":[{"embeddable":true,"href":"https:\/\/www.ulm-experience.com\/index.php?rest_route=\/wp\/v2\/users\/2"}],"replies":[{"embeddable":true,"href":"https:\/\/www.ulm-experience.com\/index.php?rest_route=%2Fwp%2Fv2%2Fcomments&post=863"}],"version-history":[{"count":3,"href":"https:\/\/www.ulm-experience.com\/index.php?rest_route=\/wp\/v2\/pages\/863\/revisions"}],"predecessor-version":[{"id":2085,"href":"https:\/\/www.ulm-experience.com\/index.php?rest_route=\/wp\/v2\/pages\/863\/revisions\/2085"}],"up":[{"embeddable":true,"href":"https:\/\/www.ulm-experience.com\/index.php?rest_route=\/wp\/v2\/pages\/802"}],"wp:attachment":[{"href":"https:\/\/www.ulm-experience.com\/index.php?rest_route=%2Fwp%2Fv2%2Fmedia&parent=863"}],"curies":[{"name":"wp","href":"https:\/\/api.w.org\/{rel}","templated":true}]}}